n base 11, what is 14 - -527?
540
In base 7, what is -5 + -13?
-21
In base 11, what is -6a - 143?
-202
In base 4, what is -10 + -1321011?
-1321021
In base 5, what is 1 - -110?
111
In base 14, what is -d3 + 0?
-d3
In base 12, what is -6 + 1043?
1039
In base 11, what is -a39 - -1?
-a38
In base 2, what is 1 - -111?
1000
In base 8, what is 717 - -30?
747
In base 6, what is -13 + 11?
-2
In base 8, what is -3 + 113?
110
In base 3, what is 2201 + -1110?
1021
In base 16, what is -152 - 16?
-168
In base 15, what is -19db - -5?
-19d6
In base 12, what is -2 + 5a?
58
In base 14, what is -d916 - 2?
-d918
In base 7, what is 13 + -202?
-156
In base 4, what is -11 - -2000?
1323
In base 10, what is 3 + -565?
-562
In base 2, what is 101011000 - -11?
101011011
In base 8, what is -4 - 2132?
-2136
In base 16, what is 0 + -4fe?
-4fe
In base 10, what is 9 + 38?
47
In base 12, what is -4 - -83?
7b
In base 8, what is -162 + -41?
-223
In base 7, what is -3 - -3406?
3403
In base 16, what is -5 + -2a?
-2f
In base 11, what is -5 + -38?
-42
In base 11, what is -4 + -192?
-196
In base 2, what is -101 - 1100001?
-1100110
In base 8, what is 1 - 3346?
-3345
In base 8, what is -224 - 4?
-230
In base 15, what is 387 - 3?
384
In base 5, what is 411 + 13?
424
In base 2, what is -10 + 1010111110?
1010111100
In base 11, what is 8 + -783?
-776
In base 15, what is -4 - -21?
1c
In base 6, what is -2 - -2425?
2423
In base 3, what is 1 + -2222111?
-2222110
In base 3, what is 10211 + 2?
10220
In base 2, what is -101 - -101101?
101000
In base 16, what is 12 + -a8?
-96
In base 7, what is -14132 + 5?
-14124
In base 8, what is -623 - -5?
-616
In base 8, what is 4 + 1013?
1017
In base 6, what is 4 - 133?
-125
In base 12, what is 4 + 142?
146
In base 9, what is -12 + 18?
6
In base 11, what is 4 + -853?
-84a
In base 2, what is 110 - 10100?
-1110
In base 7, what is 6 - -13?
22
In base 10, what is -1 - -5?
4
In base 6, what is -310 - 213?
-523
In base 7, what is -11 + -401?
-412
In base 9, what is -5421 - 1?
-5422
In base 7, what is -24620 - 2?
-24622
In base 8, what is 31 + 105?
136
In base 6, what is 12314 + -11?
12303
In base 8, what is -72 - 4?
-76
In base 16, what is 4 + e?
12
In base 16, what is -8 + 16?
e
In base 14, what is 3d + -4?
39
In base 8, what is -3 - 171?
-174
In base 9, what is 23 - -254?
277
In base 2, what is -11110 + -1?
-11111
In base 13, what is -80a - 2?
-80c
In base 9, what is 1 - 217?
-216
In base 11, what is -3659 - 1?
-365a
In base 16, what is -11f - 2?
-121
In base 15, what is 107 - -5?
10c
In base 6, what is 144555 + -4?
144551
In base 9, what is -305 - 2?
-307
In base 6, what is -2 + -154?
-200
In base 15, what is 8e1 - -2?
8e3
In base 14, what is 4dbb - 1?
4dba
In base 5, what is -22 + -32?
-104
In base 13, what is 24 + -4?
20
In base 9, what is 8 + 63?
72
In base 8, what is 5 - -362?
367
In base 5, what is -14222 - 40?
-14312
In base 13, what is 3 - -a?
10
In base 16, what is 14 - 1d?
-9
In base 9, what is -2 + -7?
-10
In base 8, what is 10 - 2301?
-2271
In base 12, what is -38 + 2?
-36
In base 8, what is -6 + -122?
-130
In base 15, what is -263 - -5?
-25d
In base 14, what is 0 + ad1?
ad1
In base 16, what is b - -7b?
86
In base 10, what is -2 + 222?
220
In base 13, what is -17b + -28?
-1a6
In base 9, what is -524 + 34?
-480
In base 8, what is 5 - 700?
-673
In base 15, what is 159 - 6?
153
In base 13, what is a380 - 3?
a37a
In base 8, what is -1 + -122?
-123
In base 5, what is -3 + 2214?
2211
In base 6, what is 13115 - 0?
13115
In base 7, what is -2 + 4405?
4403
In base 15, what is -1e + -2?
-21
In base 7, what is 10 - -1216?
1226
In base 16, what is -12 + 4?
-e
In base 7, what is 11 - 135?
-124
In base 16, what is 0 + 56?
56
In base 15, what is de - -3?
e2
In base 6, what is -4341 - 0?
-4341
In base 8, what is -45 + -120?
-165
In base 15, what is 5 + -74?
-6e
In base 7, what is -15 - -16?
1
In base 5, what is -10 + -211?
-221
In base 10, what is -52 + 3?
-49
In base 9, what is -31 + 203?
162
In base 5, what is -10 - 122443?
-123003
In base 4, what is -110 + 20?
-30
In base 3, what is 100 + 12000?
12100
In base 15, what is -78 + -3?
-7b
In base 10, what is 315 - 5?
310
In base 11, what is -3 + 311a?
3117
In base 16, what is d3f + 7?
d46
In base 2, what is 100 - -1110?
10010
In base 5, what is 34211 - 0?
34211
In base 7, what is 36 - 5?
31
In base 15, what is 40 - 17?
28
In base 13, what is -1 - 5b?
-5c
In base 4, what is -1122 - 0?
-1122
In base 3, what is 1012001201 + 11?
1012001212
In base 6, what is 1 - 43?
-42
In base 10, what is -12 + -227?
-239
In base 11, what is -4 + a?
6
In base 9, what is -16 + -53?
-70
In base 13, what is 5 - -30?
35
In base 10, what is 13 + 4?
17
In base 3, what is -110 - 1102110?
-1102220
In base 8, what is -233 + 3?
-230
In base 10, what is 39 + -7?
32
In base 5, what is -2023410 + 0?
-2023410
In base 12, what is -1 - -2954?
2953
In base 14, what is -4 + -70?
-74
In base 14, what is 6a - 6?
64
In base 4, what is 1 + -101?
-100
In base 4, what is 2233 - 11?
2222
In base 16, what is -16 - -68?
52
In base 12, what is 16 + -198?
-182
In base 9, what is 3384 + -1?
3383
In base 13, what is -11 + -26?
-37
In base 8, what is 3 + 376?
401
In base 3, what is -1002 + -21?
-1100
In base 5, what is 10 + 24144?
24204
In base 13, what is 5 + -25c?
-257
In base 10, what is 0 + 19?
19
In base 13, what is -5 - 18?
-20
In base 2, what is 100 - 11011?
-10111
In base 11, what is -1 - 98?
-99
In base 7, what is 1066 - -1?
1100
In base 13, what is 0 + 5a?
5a
In base 7, what is 3064 + 3?
3100
In base 6, what is -204 - -25?
-135
In base 9, what is 54 + 215?
270
In base 5, what is 20 + 2424?
2444
In base 6, what is -1103 + 5?
-1054
In base 11, what is -1357 + -2?
-1359
In base 10, what is -663 - -3?
-660
In base 4, what is -30311 - 0?
-30311
In base 13, what is 0 + 11?
11
In base 15, what is 7 - 41?
-39
In base 3, what is 1111200 - 12?
1111111
In base 7, what is 1 - -166?
200
In base 8, what is 35 - -5?
42
In base 3, what is 2121 - -11011?
20202
In base 14, what is -1a07 - 2?
-1a09
In base 4, what is 1010 + 11?
1021
In base 7, what is 51434 - -4?
51441
In base 11, what is 30 - -64?
94
In base 3, what is -121 - 102200?
-110021
In base 10, what is 2 + -801?
-799
In base 14, what is -38aa + 2?
-38a8
In base 7, what is 1 + 20135?
20136
In base 3, what is -10 - -1011?
1001
In base 3, what is 21212 + 120?
22102
In base 7, what is -3 - 0?
-3
In base 9, what is 0 - 11?
-11
In base 10, what is 5 - -189?
194
In base 3, what is -10220211 + -10?
-10220221
In base 8, what is -5 + -32?
-37
In base 9, what is 66 - -5?
72
In base 16, what is -34 - 4?
-38
In base 15, what is 6 - -12a?
131
In base 7, what is 0 - -206?
206
In base 6, what is -3124 + 13?
-3111
In base 6, what is -1 - 151?
-152
In base 6, what is 34 + -1?
33
In base 4, what is -10111 - -10?
-10101
In base 13, what is -3 + 392?
38c
In base 9, what is -1 + 235?
234
In base 8, what is -135 - 10?
-145
In base 4, what is 13 - 112?
-33
In base 9, what is -4 + -10?
-14
In base 15, what is -20 + 0?
-20
In base 13, what is -5 - -153?
14b
In base 5, what is 40324 + 10?
40334
In base 7, what is -63 + 1?
-62
In base 2, what is 1011010100010 + -11?
1011010011111
In base 5, what is 4203 + -1?
4202
In base 6, what is -55 + -52?
-151
In base 15, what is 6 + 53?
59
In base 2, what is -100 + 1001010011000?
1001010010100
In base 12, what is -2 + a?
8
In base 15, what is 5 - -84?
89
In base 14, what is -1dd5 + 5?
-1dd0
In base 7, what is 1 - -45?
46
In base 4, what is 1 - -12321?
12322
In base 12, what is -a66 + -5?
-a6b
In base 9, what is -36 - 27?
-64
In base 6, what is 2 - 110?
-104
In base 6, what is 42 + -1?
41
In base 9, what is -4 + -715?
-720
In base 15, what is 5 - 310?
-30a
In base 9, what is 4 - -10?
14
In base 9, what is 1681 - 1?
1680
In base 11, what is -181 - -2?
-17a
In base 12, what is 55 + -4?
51
In base 14, what is -129a + -3?
-129d
In base 4, what is 0 + 102?
102
In base 2, what is 0 + -10111001?
-10111001
In base 5, what is -1020 + 204?
-311
In base 11, what is 417a6 + 2?
417a8
In base 7, what is -124 + -25?
-152
In base 5, what is 24 - 10111?
-10032
In base 6, what is 12 + 21055?
21111
In base 15, what is -4 - 395?
-399
In base 10, what is -544 - 5?
-549
In base 13, what is 1b9 - -26?
212
In base 12, what is